- -262. Calculate the remainder when 142 is divided by i.
14
Suppose -5*n - 2556 = -6*n - 2*s, -n - 3*s = -2556. Calculate the remainder when n is divided by 40.
36
Suppose -7*c = -2*c + n - 939, 3*c + 2*n = 569. Suppose 0*k + 5*k = -g + 313, 0 = 3*k + g - c. Calculate the remainder when k is divided by 17.
12
Suppose 5*b = -3*f + 962, 0 = 3*f + b - 1498 + 516. Suppose 189 - f = -7*y. What is the remainder when 32 is divided by y?
12
Suppose -z + 177 = 2*z. Suppose -57 = -6*v + 645. Calculate the remainder when v is divided by z.
58
Calculate the remainder when (-1)/3*(70 - 1255) is divided by 102.
89
Let u(v) = v**2 - 21*v + 30. Let f = 0 - 0. Suppose 5*a - 23 + 3 = f. What is the remainder when u(20) is divided by a?
2
Let s = -24 + 20. Let i = s + 1. Calculate the remainder when (5 + -3)*-29*i/6 is divided by 8.
5
Let s = -2540 + 2682. Calculate the remainder when s is divided by 17.
6
Let j be (-390)/(-39) - (-1 + 6). Let l = -3 - -121. Calculate the remainder when l is divided by 520/32 + j/(-4).
13
Let y = -5354 - -5469. What is the remainder when 1716 is divided by y?
106
Let o = -179 + 404. Suppose -29*t = -32*t + o. What is the remainder when t is divided by 27?
21
Suppose 4*l - 1 = -5*u, -3*l + 24 = -0*l - 4*u. Suppose 0 = l*j - 2*j - 68. What is the remainder when j is divided by 45/4 - 2/8 - (51 + -45)?
4
Suppose -65*o - x = -61*o - 148, 3*o = -3*x + 120. Calculate the remainder when 131 is divided by o.
23
Let o(u) = 4*u**2 + u + 2. Suppose -7*r + 10 = 17. Let v be o(r). Let k = 48 - v. Calculate the remainder when k is divided by 9.
7
Let n(z) = -97*z - 2022. Calculate the remainder when 243 is divided by n(-21).
3
Calculate the remainder when 0/(-1) - 128/(-4) is divided by (-252)/(-35) - 6/5.
2
Suppose -t + 2*t = 25. Let d(h) = 3*h + 1. Let g(p) = -12*p - 5. Let f(o) = -22*d(o) - 6*g(o). Calculate the remainder when f(11) is divided by t.
24
Suppose -34*w - 1611 + 1348 = -5023. What is the remainder when w is divided by 12?
8
Suppose 24*t + 4*t - 49456 - 10884 = 0. Calculate the remainder when t is divided by 114.
103
Let l = 7995 + -7967. Calculate the remainder when 74 is divided by l.
18
Suppose 4*i = -4*s + 295 + 505, -s + 196 = -i. Suppose -6*y - s = -294. Let l = 24 - 14. Calculate the remainder when y is divided by l.
6
Suppose -17*z - 9*z - 234 = 0. What is the remainder when z*((-785)/15 + -5) is divided by 13?
9
Calculate the remainder when 14456 is divided by ((-8)/(-6))/(68/51)*241.
237
Suppose -w + 9 - 4 = 5*g, 17 = g - 3*w. Let u = 32 + -9. Suppose -5*h = -c + 3, -3*c + h = -0*h - u. Calculate the remainder when c is divided by g.
0
Suppose 3*z + 112 = 11*z. Let y = z + 13. What is the remainder when 73 is divided by y?
19
Suppose 4*v - v = -45. Let y be 3*5/v + 1. Suppose y = 3*k - 12 - 36. What is the remainder when 78 is divided by k?
14
Let s = 3348 - 3115. What is the remainder when s is divided by 3?
2
Let g = 8919 - 8647. Calculate the remainder when g is divided by 21.
20
Suppose 2*k - 5*i = 25, 0 = 4*k - 3*k - 5*i - 10. Suppose -138 - 42 = -k*s. Calculate the remainder when s is divided by (-1)/4 + (-42)/(-8).
2
Suppose 0 = 13*z - 1855 - 2721. Let q = z - 344. Calculate the remainder when 198 is divided by q.
6
Let y be (48/26 - 2) + (-5490)/(-195). Suppose -5*s + 148 = y. What is the remainder when 32 is divided by s?
8
What is the remainder when 928 is divided by 3832/8 + (-14 - 3)?
4
Suppose 0 = 5*k - 28 - 22. Let l = k + 1. Calculate the remainder when 15125/375 + (1 - 8/6) is divided by l.
7
Suppose y = -y + l - 61, 2*l - 152 = 5*y. Let h = -37 - -18. Let b = h - y. Calculate the remainder when b is divided by 7.
4
Let h be (2/6)/(3/(-9)). Calculate the remainder when 1 - (-321)/6 - (-4 - (-14)/4) is divided by -1 + h + 0 + 14.
7
Suppose 173 = 3*f + 38. Let m(v) = -v**3 + 16*v**2 - 30*v + 85. What is the remainder when m(8) is divided by f?
42
Suppose 2*q = 5*p + 6*q - 135, 0 = -3*p + q + 64. What is the remainder when 4/1*-2 - (0 + 2)/(390/(-21060)) is divided by p?
8
Let h(w) = -381*w - 395. What is the remainder when h(-2) is divided by 62?
57
Suppose 12*n - 15*n + 306 = -2*t, 497 = 5*n + t. Calculate the remainder when n is divided by 8.
4
Suppose -7*r = 15 + 13. What is the remainder when 22 is divided by (-11)/((-22)/r) + 9?
1
Suppose -32 = -11*j + 12. Suppose j*f - 31 - 30 = c, 5*c + 95 = 5*f. Let z(q) = 23*q**2 + q + 2. Calculate the remainder when z(2) is divided by f.
12
Calculate the remainder when (1*-1279 + -2)/(158/(-158)) is divided by 183.
0
Let f(b) = -1053*b - 1359. Calculate the remainder when f(-5) is divided by 24.
18
Let n = 3679 + -3584. Calculate the remainder when n is divided by 45.
5
Let o(d) = -d**3 - 2*d**2 + 59*d + 8. What is the remainder when 167 is divided by o(-9)?
35
Calculate the remainder when (-2031)/9*-3 + (-384)/96 is divided by 331.
11
Let u(s) = 144*s - 622. Calculate the remainder when 2067 is divided by u(5).
9
Let g(a) = a**3 + 15*a**2 - 18*a - 24. Let n be g(-16). Suppose -25 = n*m - 105. What is the remainder when 257 is divided by m?
7
Suppose -11215 = -26*t - 10721. What is the remainder when 814 is divided by t?
16
Suppose 4*i + 141 = -41*w + 44*w, -i - 3 = 0. Let f = -31 - -44. Calculate the remainder when w is divided by f.
4
Suppose -127 = -4*u - h, -2*u + 4*h + 100 = u. Let s(l) = -l**2 - 17*l + 919. Calculate the remainder when s(-39) is divided by u.
29
Let q = 245 - -700. Let s = q - 487. What is the remainder when s is divided by 20?
18
Let a(z) = 3*z**2 + 10*z + 10. Let l(o) = -2*o**3 + 16*o**2 + 6*o - 40. Calculate the remainder when a(-7) is divided by l(8).
7
Let k(z) be the first derivative of -17*z**4/4 + z**3 + 19*z**2/2 + 37*z + 23. What is the remainder when k(-2) is divided by 30?
27
Let o be (4/(-9))/(5*8/(-180)). Let m(r) = -21*r - r**o + 6 + 46*r - 15*r + 5*r**2. What is the remainder when m(-6) is divided by 19?
14
Let a(l) = 25*l**2 + 27*l + 100. What is the remainder when a(-4) is divided by 198?
194
Suppose 108*y = -6*y + 19038. Calculate the remainder when 3504 is divided by y.
164
Let m = -15320 + 17722. Calculate the remainder when m is divided by 19.
8
Let b be (-8 - -5)*1/(-3). Calculate the remainder when 3 + 4 - -470*b is divided by 24.
21
Let p = 315 - 539. Let c = p + 311. What is the remainder when c is divided by 9?
6
Let q = 175 - 172. Let g(y) = -y**3 + 8*y**2 - 6*y - 1. What is the remainder when 50 is divided by g(q)?
24
What is the remainder when 1456/6*(-1650)/(-385) is divided by 209?
204
Let h = 6720 - 4244. Calculate the remainder when h is divided by 59.
57
Suppose 0 = 5*n - 20, 4*x - 2*n - 180 = -4*n. What is the remainder when 325/10*(-1188)/(-270) is divided by x?
14
Let j(t) = t**2 + 9*t + 2. Suppose 0*s - s = -k + 13, -57 = 5*s - 3*k. Let n be j(s). What is the remainder when 4 - (n - 0 - -2) - -128 is divided by 33?
29
Let q(j) = -j**3 - 8*j**2 - 7*j + 8. Suppose -56 = 17*f - 9*f. Let c be q(f). Calculate the remainder when 15 is divided by ((-5)/2)/((10/c)/(-5)).
5
Let g(q) = 6*q - 32. Let a be g(6). Let w be 1*-4 + -129*(a + -5). Suppose 2*c + 3*c - w = 0. What is the remainder when c is divided by 13?
12
Let n(r) = 159*r**2 - 20*r + 33. What is the remainder when n(2) is divided by 132?
101
Suppose 0 = 313*j - 8673 - 40468. What is the remainder when 286 is divided by j?
129
Let f = 19 - 2. Suppose -2*x + 5*q + 124 = 2*x, 0 = -3*x + 4*q + 94. Suppose 1 = -p - 4, a - 4*p = x. Calculate the remainder when f is divided by a.
5
Let r(g) = -g**3 + 7*g**2 + 8*g - 6. Let l be r(8). Let z be (-15)/(-5) - (-80 + l). Let n = z + -82. Calculate the remainder when 27 is divided by n.
6
Let x be (-4 + -3)/((2/(-16))/(-1)). Let q = x + 80. What is the remainder when 49 is divided by ((-156)/q)/(2/(-4))?
10
Suppose 12*y - 1216 = 1844. Let s(d) = -d - 1. Calculate the remainder when y is divided by s(-7).
3
Suppose 11*h = -2*h - 29*h + 1134. Let n(d) = 4 - 3 + 2 - 5*d + 3*d**2. What is the remainder when n(5) is divided by h?
26
Suppose 2*c = -4*a + 3 + 21, 2*a = -4*c. Suppose -f = -4*z + 130, 0 = a*f - 5*f + 6. Calculate the remainder when 190 is divided by z.
30
Suppose 0 = g - 27 + 8. Suppose 0 = 488*k + 1636 - 20668. Calculate the remainder when k is divided by g.
1
Suppose 26*f - 229 = 421. Calculate th